{"id":824,"date":"2024-03-20T15:48:39","date_gmt":"2024-03-20T14:48:39","guid":{"rendered":"http:\/\/dansear.cluster030.hosting.ovh.net\/?page_id=824"},"modified":"2026-03-19T08:46:28","modified_gmt":"2026-03-19T07:46:28","slug":"articles","status":"publish","type":"page","link":"https:\/\/claudelheureux.com\/index.php\/articles\/","title":{"rendered":"Articles"},"content":{"rendered":"\t\t<div data-elementor-type=\"wp-page\" data-elementor-id=\"824\" class=\"elementor elementor-824\" data-elementor-settings=\"{&quot;ha_cmc_init_switcher&quot;:&quot;no&quot;}\">\n\t\t\t\t<div class=\"elementor-element elementor-element-37bca0e e-con-full e-flex wpr-particle-no wpr-jarallax-no wpr-parallax-no wpr-sticky-section-no e-con e-parent\" data-id=\"37bca0e\" data-element_type=\"container\" data-e-type=\"container\" data-settings=\"{&quot;background_background&quot;:&quot;classic&quot;,&quot;_ha_eqh_enable&quot;:false}\">\n\t\t\t\t<\/div>\n\t\t<div class=\"elementor-element elementor-element-4466e63 e-flex e-con-boxed wpr-particle-no wpr-jarallax-no wpr-parallax-no wpr-sticky-section-no e-con e-parent\" data-id=\"4466e63\" data-element_type=\"container\" data-e-type=\"container\" data-settings=\"{&quot;_ha_eqh_enable&quot;:false}\">\n\t\t\t\t\t<div class=\"e-con-inner\">\n\t\t\t\t<div class=\"elementor-element elementor-element-c536654 elementor-widget elementor-widget-spacer\" data-id=\"c536654\" data-element_type=\"widget\" data-e-type=\"widget\" data-widget_type=\"spacer.default\">\n\t\t\t\t<div class=\"elementor-widget-container\">\n\t\t\t\t\t\t\t<div class=\"elementor-spacer\">\n\t\t\t<div class=\"elementor-spacer-inner\"><\/div>\n\t\t<\/div>\n\t\t\t\t\t\t<\/div>\n\t\t\t\t<\/div>\n\t\t\t\t<div class=\"elementor-element elementor-element-5466da9 elementor-widget elementor-widget-wpr-magazine-grid\" data-id=\"5466da9\" data-element_type=\"widget\" data-e-type=\"widget\" data-widget_type=\"wpr-magazine-grid.default\">\n\t\t\t\t<div class=\"elementor-widget-container\">\n\t\t\t\t\t<div class=\"wpr-magazine-grid-wrap\"  data-slide-effect=\"\"><section class=\"wpr-magazine-grid wpr-mgzn-grid-1-1-3 wpr-mgzn-grid-rows-1\"><article class=\"wpr-mgzn-grid-item elementor-clearfix post-1695 post type-post status-publish format-standard has-post-thumbnail hentry category-non-classe\"><div class=\"wpr-grid-item-inner\"><div class=\"wpr-grid-media-wrap\" data-overlay-link=\"yes\"><div class=\"wpr-grid-image-wrap\" data-src=\"https:\/\/claudelheureux.com\/wp-content\/uploads\/2024\/04\/les-chevaux-au-son-des-accords-Tolteques-136.jpg\" style=\"background-image: url(https:\/\/claudelheureux.com\/wp-content\/uploads\/2024\/04\/les-chevaux-au-son-des-accords-Tolteques-136.jpg)\"><\/div><div class=\"wpr-grid-media-hover wpr-animation-wrap\"><div class=\"wpr-grid-media-hover-bg  wpr-overlay-fade-out wpr-anim-size-medium wpr-anim-timing-ease-default wpr-anim-transparency\" data-url=\"https:\/\/claudelheureux.com\/index.php\/2024\/09\/13\/les-chevaux-et-la-confiance\/\"><\/div><div class=\"wpr-grid-media-hover-bottom elementor-clearfix\"><h2 class=\"wpr-grid-item-title elementor-repeater-item-f8722a3 wpr-grid-item-display-block wpr-grid-item-align-left wpr-pointer-none wpr-pointer-line-fx wpr-pointer-fx-fade\"><div class=\"inner-block\"><a  target=\"_self\"  href=\"https:\/\/claudelheureux.com\/index.php\/2024\/09\/13\/les-chevaux-et-la-confiance\/\">Gagner la confiance en soi gr\u00e2ce aux chevaux<\/a><\/div><\/h2><div class=\"wpr-grid-item-separator elementor-repeater-item-d7b1caa wpr-grid-item-display-inline wpr-grid-item-align-left wpr-grid-sep-style-1\"><div class=\"inner-block\"><span><\/span><\/div><\/div><div class=\"wpr-grid-item-date elementor-repeater-item-a95e808 wpr-grid-item-display-inline wpr-grid-item-align-left\"><div class=\"inner-block\"><span>13 septembre 2024<\/span><\/div><\/div><div class=\"wpr-grid-item-read-more elementor-repeater-item-7b00c14 wpr-grid-item-display-block wpr-grid-item-align-center\"><div class=\"inner-block\"><a target=\"_self\" href=\"https:\/\/claudelheureux.com\/index.php\/2024\/09\/13\/les-chevaux-et-la-confiance\/\" class=\"wpr-button-effect wpr-button-none\"><span>Lire la suite<\/span><\/a><\/div><\/div><\/div><\/div><\/div><\/div><\/article><article class=\"wpr-mgzn-grid-item elementor-clearfix post-810 post type-post status-publish format-standard has-post-thumbnail hentry category-non-classe\"><div class=\"wpr-grid-item-inner\"><div class=\"wpr-grid-media-wrap\" data-overlay-link=\"yes\"><div class=\"wpr-grid-image-wrap\" data-src=\"https:\/\/claudelheureux.com\/wp-content\/uploads\/2024\/09\/DALL\u00b7E-2024-10-04-15.56.02-A-peaceful-scene-where-a-person-stands-calmly-in-a-field-facing-a-horse.-The-person-is-gently-reaching-out-towards-the-horse-with-the-animal-lowerin.webp\" style=\"background-image: url(https:\/\/claudelheureux.com\/wp-content\/uploads\/2024\/09\/DALL\u00b7E-2024-10-04-15.56.02-A-peaceful-scene-where-a-person-stands-calmly-in-a-field-facing-a-horse.-The-person-is-gently-reaching-out-towards-the-horse-with-the-animal-lowerin.webp)\"><\/div><div class=\"wpr-grid-media-hover wpr-animation-wrap\"><div class=\"wpr-grid-media-hover-bg  wpr-overlay-fade-out wpr-anim-size-medium wpr-anim-timing-ease-default wpr-anim-transparency\" data-url=\"https:\/\/claudelheureux.com\/index.php\/2021\/01\/16\/conference-la-puissance-du-cheval-reliee-au-pouvoir-dintention-quest-le-notre\/\"><\/div><div class=\"wpr-grid-media-hover-bottom elementor-clearfix\"><h2 class=\"wpr-grid-item-title elementor-repeater-item-f8722a3 wpr-grid-item-display-block wpr-grid-item-align-left wpr-pointer-none wpr-pointer-line-fx wpr-pointer-fx-fade\"><div class=\"inner-block\"><a  target=\"_self\"  href=\"https:\/\/claudelheureux.com\/index.php\/2021\/01\/16\/conference-la-puissance-du-cheval-reliee-au-pouvoir-dintention-quest-le-notre\/\">Conf\u00e9rence \u00ab\u00a0La puissance du cheval reli\u00e9e au pouvoir d\u2019intention qu\u2019est le n\u00f4tre \u00ab\u00a0<\/a><\/div><\/h2><div class=\"wpr-grid-item-separator elementor-repeater-item-d7b1caa wpr-grid-item-display-inline wpr-grid-item-align-left wpr-grid-sep-style-1\"><div class=\"inner-block\"><span><\/span><\/div><\/div><div class=\"wpr-grid-item-date elementor-repeater-item-a95e808 wpr-grid-item-display-inline wpr-grid-item-align-left\"><div class=\"inner-block\"><span>16 janvier 2021<\/span><\/div><\/div><div class=\"wpr-grid-item-read-more elementor-repeater-item-7b00c14 wpr-grid-item-display-block wpr-grid-item-align-center\"><div class=\"inner-block\"><a target=\"_self\" href=\"https:\/\/claudelheureux.com\/index.php\/2021\/01\/16\/conference-la-puissance-du-cheval-reliee-au-pouvoir-dintention-quest-le-notre\/\" class=\"wpr-button-effect wpr-button-none\"><span>Lire la suite<\/span><\/a><\/div><\/div><\/div><\/div><\/div><\/div><\/article><article class=\"wpr-mgzn-grid-item elementor-clearfix post-803 post type-post status-publish format-standard has-post-thumbnail hentry category-non-classe\"><div class=\"wpr-grid-item-inner\"><div class=\"wpr-grid-media-wrap\" data-overlay-link=\"yes\"><div class=\"wpr-grid-image-wrap\" data-src=\"https:\/\/claudelheureux.com\/wp-content\/uploads\/2017\/02\/psycommunication.jpg\" style=\"background-image: url(https:\/\/claudelheureux.com\/wp-content\/uploads\/2017\/02\/psycommunication.jpg)\"><\/div><div class=\"wpr-grid-media-hover wpr-animation-wrap\"><div class=\"wpr-grid-media-hover-bg  wpr-overlay-fade-out wpr-anim-size-medium wpr-anim-timing-ease-default wpr-anim-transparency\" data-url=\"https:\/\/claudelheureux.com\/index.php\/2017\/02\/21\/article-cheval-magazine\/\"><\/div><div class=\"wpr-grid-media-hover-bottom elementor-clearfix\"><h2 class=\"wpr-grid-item-title elementor-repeater-item-f8722a3 wpr-grid-item-display-block wpr-grid-item-align-left wpr-pointer-none wpr-pointer-line-fx wpr-pointer-fx-fade\"><div class=\"inner-block\"><a  target=\"_self\"  href=\"https:\/\/claudelheureux.com\/index.php\/2017\/02\/21\/article-cheval-magazine\/\">Article Cheval Magazine<\/a><\/div><\/h2><div class=\"wpr-grid-item-separator elementor-repeater-item-d7b1caa wpr-grid-item-display-inline wpr-grid-item-align-left wpr-grid-sep-style-1\"><div class=\"inner-block\"><span><\/span><\/div><\/div><div class=\"wpr-grid-item-date elementor-repeater-item-a95e808 wpr-grid-item-display-inline wpr-grid-item-align-left\"><div class=\"inner-block\"><span>21 f\u00e9vrier 2017<\/span><\/div><\/div><div class=\"wpr-grid-item-read-more elementor-repeater-item-7b00c14 wpr-grid-item-display-block wpr-grid-item-align-center\"><div class=\"inner-block\"><a target=\"_self\" href=\"https:\/\/claudelheureux.com\/index.php\/2017\/02\/21\/article-cheval-magazine\/\" class=\"wpr-button-effect wpr-button-none\"><span>Lire la suite<\/span><\/a><\/div><\/div><\/div><\/div><\/div><\/div><\/article><article class=\"wpr-mgzn-grid-item elementor-clearfix post-1 post type-post status-publish format-standard has-post-thumbnail hentry category-non-classe\"><div class=\"wpr-grid-item-inner\"><div class=\"wpr-grid-media-wrap\" data-overlay-link=\"yes\"><div class=\"wpr-grid-image-wrap\" data-src=\"https:\/\/claudelheureux.com\/wp-content\/uploads\/2024\/03\/MG_4514-scaled.jpg\" style=\"background-image: url(https:\/\/claudelheureux.com\/wp-content\/uploads\/2024\/03\/MG_4514-scaled.jpg)\"><\/div><div class=\"wpr-grid-media-hover wpr-animation-wrap\"><div class=\"wpr-grid-media-hover-bg  wpr-overlay-fade-out wpr-anim-size-medium wpr-anim-timing-ease-default wpr-anim-transparency\" data-url=\"https:\/\/claudelheureux.com\/index.php\/2017\/02\/15\/savoir-ecouter-les-chevaux\/\"><\/div><div class=\"wpr-grid-media-hover-bottom elementor-clearfix\"><h2 class=\"wpr-grid-item-title elementor-repeater-item-f8722a3 wpr-grid-item-display-block wpr-grid-item-align-left wpr-pointer-none wpr-pointer-line-fx wpr-pointer-fx-fade\"><div class=\"inner-block\"><a  target=\"_self\"  href=\"https:\/\/claudelheureux.com\/index.php\/2017\/02\/15\/savoir-ecouter-les-chevaux\/\">Savoir \u00e9couter les chevaux<\/a><\/div><\/h2><div class=\"wpr-grid-item-separator elementor-repeater-item-d7b1caa wpr-grid-item-display-inline wpr-grid-item-align-left wpr-grid-sep-style-1\"><div class=\"inner-block\"><span><\/span><\/div><\/div><div class=\"wpr-grid-item-date elementor-repeater-item-a95e808 wpr-grid-item-display-inline wpr-grid-item-align-left\"><div class=\"inner-block\"><span>15 f\u00e9vrier 2017<\/span><\/div><\/div><div class=\"wpr-grid-item-read-more elementor-repeater-item-7b00c14 wpr-grid-item-display-block wpr-grid-item-align-center\"><div class=\"inner-block\"><a target=\"_self\" href=\"https:\/\/claudelheureux.com\/index.php\/2017\/02\/15\/savoir-ecouter-les-chevaux\/\" class=\"wpr-button-effect wpr-button-none\"><span>Lire la suite<\/span><\/a><\/div><\/div><\/div><\/div><\/div><\/div><\/article><\/section><\/div>\t\t\t\t<\/div>\n\t\t\t\t<\/div>\n\t\t\t\t\t<\/div>\n\t\t\t\t<\/div>\n\t\t<div class=\"elementor-element elementor-element-d6ae4cc e-flex e-con-boxed wpr-particle-no wpr-jarallax-no wpr-parallax-no wpr-sticky-section-no e-con e-parent\" data-id=\"d6ae4cc\" data-element_type=\"container\" data-e-type=\"container\" data-settings=\"{&quot;_ha_eqh_enable&quot;:false}\">\n\t\t\t\t\t<div class=\"e-con-inner\">\n\t\t\t\t<div class=\"elementor-element elementor-element-b76fa79 elementor-widget elementor-widget-spacer\" data-id=\"b76fa79\" data-element_type=\"widget\" data-e-type=\"widget\" data-widget_type=\"spacer.default\">\n\t\t\t\t<div class=\"elementor-widget-container\">\n\t\t\t\t\t\t\t<div class=\"elementor-spacer\">\n\t\t\t<div class=\"elementor-spacer-inner\"><\/div>\n\t\t<\/div>\n\t\t\t\t\t\t<\/div>\n\t\t\t\t<\/div>\n\t\t\t\t\t<\/div>\n\t\t\t\t<\/div>\n\t\t\t\t<\/div>\n\t\t","protected":false},"excerpt":{"rendered":"<p>20 f\u00e9vrier 2025Lire la suite Gagner la confiance en soi gr\u00e2ce aux chevaux 13 septembre 2024Lire la suite Conf\u00e9rence \u00ab\u00a0La puissance du cheval reli\u00e9e au pouvoir d\u2019intention qu\u2019est le n\u00f4tre \u00ab\u00a0 16 janvier 2021Lire la suite Article Cheval Magazine 21 f\u00e9vrier 2017Lire la suite Savoir \u00e9couter les chevaux 15 f\u00e9vrier 2017Lire la suite<\/p>\n","protected":false},"author":1,"featured_media":0,"parent":0,"menu_order":0,"comment_status":"closed","ping_status":"closed","template":"page-templates\/template-pagebuilder-full-width.php","meta":{"neve_meta_sidebar":"","neve_meta_container":"","neve_meta_enable_content_width":"","neve_meta_content_width":0,"neve_meta_title_alignment":"","neve_meta_author_avatar":"","neve_post_elements_order":"","neve_meta_disable_header":"","neve_meta_disable_footer":"","neve_meta_disable_title":"","iawp_total_views":26,"footnotes":""},"class_list":["post-824","page","type-page","status-publish","hentry"],"rttpg_featured_image_url":null,"rttpg_author":{"display_name":"admin5290","author_link":"https:\/\/claudelheureux.com\/author\/admin5290\/"},"rttpg_comment":0,"rttpg_category":"","rttpg_excerpt":"20 f\u00e9vrier 2025Lire la suite Gagner la confiance en soi gr\u00e2ce aux chevaux 13 septembre 2024Lire la suite Conf\u00e9rence \u00ab\u00a0La puissance du cheval reli\u00e9e au pouvoir d\u2019intention qu\u2019est le n\u00f4tre \u00ab\u00a0 16 janvier 2021Lire la suite Article Cheval Magazine 21 f\u00e9vrier 2017Lire la suite Savoir \u00e9couter les chevaux 15 f\u00e9vrier 2017Lire la suite","_links":{"self":[{"href":"https:\/\/claudelheureux.com\/index.php\/wp-json\/wp\/v2\/pages\/824","targetHints":{"allow":["GET"]}}],"collection":[{"href":"https:\/\/claudelheureux.com\/index.php\/wp-json\/wp\/v2\/pages"}],"about":[{"href":"https:\/\/claudelheureux.com\/index.php\/wp-json\/wp\/v2\/types\/page"}],"author":[{"embeddable":true,"href":"https:\/\/claudelheureux.com\/index.php\/wp-json\/wp\/v2\/users\/1"}],"replies":[{"embeddable":true,"href":"https:\/\/claudelheureux.com\/index.php\/wp-json\/wp\/v2\/comments?post=824"}],"version-history":[{"count":2,"href":"https:\/\/claudelheureux.com\/index.php\/wp-json\/wp\/v2\/pages\/824\/revisions"}],"predecessor-version":[{"id":2085,"href":"https:\/\/claudelheureux.com\/index.php\/wp-json\/wp\/v2\/pages\/824\/revisions\/2085"}],"wp:attachment":[{"href":"https:\/\/claudelheureux.com\/index.php\/wp-json\/wp\/v2\/media?parent=824"}],"curies":[{"name":"wp","href":"https:\/\/api.w.org\/{rel}","templated":true}]}}